{"id":2,"date":"2026-05-11T14:09:11","date_gmt":"2026-05-11T14:09:11","guid":{"rendered":"https:\/\/wolf-maschinenhandel.de\/httpdocs\/?page_id=2"},"modified":"2026-05-11T18:39:42","modified_gmt":"2026-05-11T18:39:42","slug":"sample-page","status":"publish","type":"page","link":"https:\/\/wolf-maschinenhandel.de\/?page_id=2","title":{"rendered":"AGB"},"content":{"rendered":"<p><!-- HINWEIS: Vor dem Einf\u00fcgen die 5 PDF-Dateien in WP Admin \u2192 Medien hochladen\n     und die Platzhalter-URLs unten durch die echten Medien-URLs ersetzen.\n     PDFs hochladen:\n       - Liefer_LandM_BauM_Mot_gewerblich.pdf\n       - Liefer_LandM_BauM_Mot_Verbraucher.pdf\n       - Rep_LandM_BauM_Mot_gewerblich.pdf\n       - Rep_LandM_BauM-_Mot_Verbraucher.pdf\n       - Miet_AGB.pdf\n--><\/p>\n\n\n<div class=\"wp-block-group is-layout-constrained wp-container-core-group-is-layout-a584a68f wp-block-group-is-layout-constrained\" style=\"padding-top:4rem;padding-bottom:1.5rem\">\n<h1 class=\"wp-block-heading has-text-color\" style=\"color:#1a1a1a;margin-bottom:1rem;font-size:clamp(1.502rem, 1.502rem + ((1vw - 0.2rem) * 1.815), 2.5rem);font-weight:800\">Allgemeine Gesch\u00e4ftsbedingungen<\/h1>\n\n\n\n<p class=\"has-text-color\" style=\"color:#555555;margin-bottom:0\"><p style=\"color:#555555;margin-bottom:0\">Unsere AGB gelten f\u00fcr Lieferungen, Reparaturen und Vermietungen. Bitte laden Sie die f\u00fcr Sie zutreffende Version herunter.<\/p><\/p>\n<\/div>\n\n\n\n<div class=\"wp-block-group has-background is-layout-constrained wp-container-core-group-is-layout-f7e7181f wp-block-group-is-layout-constrained\" style=\"background-color:#f5f5f5;padding-top:3rem;padding-bottom:3rem\">\n<div class=\"wp-block-group has-background is-layout-constrained wp-container-core-group-is-layout-13b7725b wp-block-group-is-layout-constrained\" style=\"border-radius:8px;background-color:#ffffff;margin-bottom:1.5rem;padding-top:2.5rem;padding-right:2.5rem;padding-bottom:2.5rem;padding-left:2.5rem\">\n<div class=\"wp-block-columns are-vertically-aligned-center is-layout-flex wp-container-core-columns-is-layout-828b44bc wp-block-columns-is-layout-flex\">\n<div class=\"wp-block-column is-layout-flow wp-block-column-is-layout-flow\" style=\"flex-basis:66.66%\">\n<p class=\"has-text-color\" style=\"color:#5d1c0d;margin-bottom:0.4rem;font-size:0.75rem;font-weight:600;letter-spacing:0.15em;text-transform:uppercase\"><p style=\"color:#5d1c0d;font-size:0.75rem;font-weight:600;letter-spacing:0.15em;text-transform:uppercase;margin-bottom:0.4rem\">Liefer-AGB<\/p><\/p>\n\n\n\n<h2 class=\"wp-block-heading has-text-color\" style=\"color:#1a1a1a;margin-bottom:0.5rem;font-size:clamp(0.929rem, 0.929rem + ((1vw - 0.2rem) * 0.856), 1.4rem);font-weight:700\">AGB f\u00fcr Lieferung von Land-, Bau- &amp; Motorger\u00e4ten<\/h2>\n\n\n\n<p class=\"has-text-color\" style=\"color:#666666;margin-bottom:0;font-size:clamp(0.875rem, 0.875rem + ((1vw - 0.2rem) * 0.045), 0.9rem);\"><p style=\"color:#666666;font-size:0.9rem;margin-bottom:0\">G\u00fcltig f\u00fcr den Kauf und die Lieferung von Landmaschinen, Baumaschinen und Motorger\u00e4ten.<\/p><\/p>\n<\/div>\n\n\n\n<div class=\"wp-block-column is-layout-flow wp-block-column-is-layout-flow\" style=\"flex-basis:33.33%\">\n<div class=\"wp-block-buttons is-content-justification-right is-layout-flex wp-container-core-buttons-is-layout-3e3b9fd6 wp-block-buttons-is-layout-flex\">\n<div class=\"wp-block-button\"><a class=\"wp-block-button__link has-text-color has-background has-custom-font-size wp-element-button\" href=\"BITTE_URL_EINTRAGEN_Liefer_gewerblich.pdf\" style=\"border-radius:4px;color:#ccb99a;background-color:#5d1c0d;padding-top:0.7rem;padding-right:1.25rem;padding-bottom:0.7rem;padding-left:1.25rem;font-size:0.85rem;font-weight:700\">\u2193 Gewerblich (PDF)<\/a><\/div>\n\n\n\n<div class=\"wp-block-button\"><a class=\"wp-block-button__link has-text-color has-background has-custom-font-size wp-element-button\" href=\"BITTE_URL_EINTRAGEN_Liefer_Verbraucher.pdf\" style=\"border-radius:4px;color:#5d1c0d;background-color:#ccb99a;padding-top:0.7rem;padding-right:1.25rem;padding-bottom:0.7rem;padding-left:1.25rem;font-size:0.85rem;font-weight:700\">\u2193 Verbraucher (PDF)<\/a><\/div>\n<\/div>\n<\/div>\n<\/div>\n<\/div>\n\n\n\n<div class=\"wp-block-group has-background is-layout-constrained wp-container-core-group-is-layout-13b7725b wp-block-group-is-layout-constrained\" style=\"border-radius:8px;background-color:#ffffff;margin-bottom:1.5rem;padding-top:2.5rem;padding-right:2.5rem;padding-bottom:2.5rem;padding-left:2.5rem\">\n<div class=\"wp-block-columns are-vertically-aligned-center is-layout-flex wp-container-core-columns-is-layout-828b44bc wp-block-columns-is-layout-flex\">\n<div class=\"wp-block-column is-layout-flow wp-block-column-is-layout-flow\" style=\"flex-basis:66.66%\">\n<p class=\"has-text-color\" style=\"color:#5d1c0d;margin-bottom:0.4rem;font-size:0.75rem;font-weight:600;letter-spacing:0.15em;text-transform:uppercase\"><p style=\"color:#5d1c0d;font-size:0.75rem;font-weight:600;letter-spacing:0.15em;text-transform:uppercase;margin-bottom:0.4rem\">Reparatur-AGB<\/p><\/p>\n\n\n\n<h2 class=\"wp-block-heading has-text-color\" style=\"color:#1a1a1a;margin-bottom:0.5rem;font-size:clamp(0.929rem, 0.929rem + ((1vw - 0.2rem) * 0.856), 1.4rem);font-weight:700\">AGB f\u00fcr Reparatur von Land-, Bau- &amp; Motorger\u00e4ten<\/h2>\n\n\n\n<p class=\"has-text-color\" style=\"color:#666666;margin-bottom:0;font-size:clamp(0.875rem, 0.875rem + ((1vw - 0.2rem) * 0.045), 0.9rem);\"><p style=\"color:#666666;font-size:0.9rem;margin-bottom:0\">G\u00fcltig f\u00fcr Reparatur- und Wartungsleistungen an Landmaschinen, Baumaschinen und Motorger\u00e4ten.<\/p><\/p>\n<\/div>\n\n\n\n<div class=\"wp-block-column is-layout-flow wp-block-column-is-layout-flow\" style=\"flex-basis:33.33%\">\n<div class=\"wp-block-buttons is-content-justification-right is-layout-flex wp-container-core-buttons-is-layout-3e3b9fd6 wp-block-buttons-is-layout-flex\">\n<div class=\"wp-block-button\"><a class=\"wp-block-button__link has-text-color has-background has-custom-font-size wp-element-button\" href=\"BITTE_URL_EINTRAGEN_Rep_gewerblich.pdf\" style=\"border-radius:4px;color:#ccb99a;background-color:#5d1c0d;padding-top:0.7rem;padding-right:1.25rem;padding-bottom:0.7rem;padding-left:1.25rem;font-size:0.85rem;font-weight:700\">\u2193 Gewerblich (PDF)<\/a><\/div>\n\n\n\n<div class=\"wp-block-button\"><a class=\"wp-block-button__link has-text-color has-background has-custom-font-size wp-element-button\" href=\"BITTE_URL_EINTRAGEN_Rep_Verbraucher.pdf\" style=\"border-radius:4px;color:#5d1c0d;background-color:#ccb99a;padding-top:0.7rem;padding-right:1.25rem;padding-bottom:0.7rem;padding-left:1.25rem;font-size:0.85rem;font-weight:700\">\u2193 Verbraucher (PDF)<\/a><\/div>\n<\/div>\n<\/div>\n<\/div>\n<\/div>\n\n\n\n<div class=\"wp-block-group has-background is-layout-constrained wp-container-core-group-is-layout-51093a8e wp-block-group-is-layout-constrained\" style=\"border-radius:8px;background-color:#ffffff;padding-top:2.5rem;padding-right:2.5rem;padding-bottom:2.5rem;padding-left:2.5rem\">\n<div class=\"wp-block-columns are-vertically-aligned-center is-layout-flex wp-container-core-columns-is-layout-828b44bc wp-block-columns-is-layout-flex\">\n<div class=\"wp-block-column is-layout-flow wp-block-column-is-layout-flow\" style=\"flex-basis:66.66%\">\n<p class=\"has-text-color\" style=\"color:#5d1c0d;margin-bottom:0.4rem;font-size:0.75rem;font-weight:600;letter-spacing:0.15em;text-transform:uppercase\"><p style=\"color:#5d1c0d;font-size:0.75rem;font-weight:600;letter-spacing:0.15em;text-transform:uppercase;margin-bottom:0.4rem\">Miet-AGB<\/p><\/p>\n\n\n\n<h2 class=\"wp-block-heading has-text-color\" style=\"color:#1a1a1a;margin-bottom:0.5rem;font-size:clamp(0.929rem, 0.929rem + ((1vw - 0.2rem) * 0.856), 1.4rem);font-weight:700\">AGB f\u00fcr Vermietung<\/h2>\n\n\n\n<p class=\"has-text-color\" style=\"color:#666666;margin-bottom:0;font-size:clamp(0.875rem, 0.875rem + ((1vw - 0.2rem) * 0.045), 0.9rem);\"><p style=\"color:#666666;font-size:0.9rem;margin-bottom:0\">G\u00fcltig f\u00fcr alle Miet- und Leihvorg\u00e4nge von Maschinen und Ger\u00e4ten.<\/p><\/p>\n<\/div>\n\n\n\n<div class=\"wp-block-column is-layout-flow wp-block-column-is-layout-flow\" style=\"flex-basis:33.33%\">\n<div class=\"wp-block-buttons is-content-justification-right is-layout-flex wp-container-core-buttons-is-layout-d445cf74 wp-block-buttons-is-layout-flex\">\n<div class=\"wp-block-button\"><a class=\"wp-block-button__link has-text-color has-background has-custom-font-size wp-element-button\" href=\"BITTE_URL_EINTRAGEN_Miet_AGB.pdf\" style=\"border-radius:4px;color:#ccb99a;background-color:#5d1c0d;padding-top:0.7rem;padding-right:1.25rem;padding-bottom:0.7rem;padding-left:1.25rem;font-size:0.85rem;font-weight:700\">\u2193 Download (PDF)<\/a><\/div>\n<\/div>\n<\/div>\n<\/div>\n<\/div>\n<\/div>\n\n\n\n<div class=\"wp-block-group is-layout-constrained wp-container-core-group-is-layout-34b59232 wp-block-group-is-layout-constrained\" style=\"padding-top:2.5rem;padding-bottom:4rem\">\n<p class=\"has-text-color\" style=\"color:#888888;font-size:0.82rem\"><p style=\"color:#888888;font-size:0.82rem\">Bei Fragen zu unseren AGB wenden Sie sich bitte direkt an uns: <a href=\"mailto:wolf-maschinenhandel@gmx.de\" style=\"color:#5d1c0d\">wolf-maschinenhandel@gmx.de<\/a> oder <a href=\"tel:015208782764\" style=\"color:#5d1c0d\">0152 08782764<\/a>.<\/p><\/p>\n<\/div>\n","protected":false},"excerpt":{"rendered":"<p>Allgemeine Gesch\u00e4ftsbedingungen Unsere AGB gelten f\u00fcr Lieferungen, Reparaturen und Vermietungen. Bitte laden Sie die f\u00fcr Sie zutreffende Version herunter. Liefer-AGB AGB f\u00fcr Lieferung von Land-, Bau- &amp; Motorger\u00e4ten G\u00fcltig f\u00fcr den Kauf und die Lieferung von Landmaschinen, Baumaschinen und Motorger\u00e4ten. Reparatur-AGB AGB f\u00fcr Reparatur von Land-, Bau- &amp; Motorger\u00e4ten G\u00fcltig f\u00fcr Reparatur- und Wartungsleistungen an [&hellip;]<\/p>\n","protected":false},"author":1,"featured_media":0,"parent":0,"menu_order":0,"comment_status":"closed","ping_status":"open","template":"","meta":{"footnotes":""},"class_list":["post-2","page","type-page","status-publish","hentry"],"blocksy_meta":[],"_links":{"self":[{"href":"https:\/\/wolf-maschinenhandel.de\/index.php?rest_route=\/wp\/v2\/pages\/2","targetHints":{"allow":["GET"]}}],"collection":[{"href":"https:\/\/wolf-maschinenhandel.de\/index.php?rest_route=\/wp\/v2\/pages"}],"about":[{"href":"https:\/\/wolf-maschinenhandel.de\/index.php?rest_route=\/wp\/v2\/types\/page"}],"author":[{"embeddable":true,"href":"https:\/\/wolf-maschinenhandel.de\/index.php?rest_route=\/wp\/v2\/users\/1"}],"replies":[{"embeddable":true,"href":"https:\/\/wolf-maschinenhandel.de\/index.php?rest_route=%2Fwp%2Fv2%2Fcomments&post=2"}],"version-history":[{"count":2,"href":"https:\/\/wolf-maschinenhandel.de\/index.php?rest_route=\/wp\/v2\/pages\/2\/revisions"}],"predecessor-version":[{"id":22,"href":"https:\/\/wolf-maschinenhandel.de\/index.php?rest_route=\/wp\/v2\/pages\/2\/revisions\/22"}],"wp:attachment":[{"href":"https:\/\/wolf-maschinenhandel.de\/index.php?rest_route=%2Fwp%2Fv2%2Fmedia&parent=2"}],"curies":[{"name":"wp","href":"https:\/\/api.w.org\/{rel}","templated":true}]}}